mmon divisor of 184 and l.
46
Let s be (-18)/10*10/(-2). Calculate the greatest common divisor of s and 9.
9
Let v = -43 - -47. Calculate the greatest common factor of v and 20.
4
Suppose 3 + 17 = 4*x. Suppose 5*j = 2*j - u + 24, 5*u = -x*j + 40. Calculate the highest common divisor of j and 88.
8
Let i be (-2 + 1)/(3/(-189)*3). Calculate the highest common divisor of i and 28.
7
Suppose 2*i + 5*o + 10 - 35 = 0, -63 = -3*i + o. Calculate the greatest common divisor of 10 and i.
10
Suppose -3*x - 30 = -3*w, -x - 2*w + 3 = 13. Let k be (-30)/(-3)*(-5)/x. Calculate the highest common factor of k and 5.
5
Let w(l) = l - 6. Let i be w(10). Suppose r - 35 = -i*r. What is the highest common factor of r and 35?
7
Let m(n) = -n**2 - 5 + 5*n + 5. Let t be m(4). Let q(c) = c**3 + 5*c**2 - c - 4. Let g be q(-5). What is the greatest common factor of g and t?
1
Let a(d) = 2*d - 20. Let y be a(11). What is the highest common divisor of 16 and y?
2
Let l(q) be the third derivative of -11*q**6/60 + 2*q**2. Let w be l(-1). Calculate the highest common factor of 55 and w.
11
Suppose 0*h - 5*h - 5*q + 85 = 0, 4*q = -5*h + 82. What is the highest common factor of h and 98?
14
Let g = 20 - -15. Suppose 3*c + 0*c = 0. Suppose 2*b + 0*b - 14 = c. Calculate the highest common factor of b and g.
7
Let l(o) = 15*o**2 - o + 1. Let w be l(1). Calculate the greatest common factor of w and 3.
3
Let u(c) = -54*c**3 - c**2 + c. Let n be u(1). Let q = 76 + n. Calculate the greatest common divisor of q and 242.
22
Let k be (-232)/10*(-15)/6. Let d(f) = 146*f**3 - f**2. Let a be d(1). Calculate the highest common factor of k and a.
29
Let c = -6 - -12. Calculate the greatest common divisor of c and 15.
3
Suppose -4*j = -j - 264. What is the highest common divisor of 33 and j?
11
Suppose 3*q - 37 + 1 = 0. What is the highest common divisor of q and 8?
4
Let r = -4 + 2. Let t = r - -17. Calculate the greatest common divisor of t and 165.
15
Suppose -4*t + 292 = 3*f, 3*f = -5*t + 5*f + 342. What is the greatest common factor of t and 14?
14
Let h = -4 + 30. Let y(g) = -2*g**3 - 6*g**2 - 4*g - 9. Let c be y(-4). What is the greatest common divisor of h and c?
13
Suppose 6 = 2*p - 0. Suppose 0 = -7*b + p*b - 16. Let o be b/(-5)*(3 + 77). Calculate the greatest common divisor of 8 and o.
8
Let o be (-3 + 2)*-26 + -1. Suppose -5*b + 10 = -5*k, 5*k + 18 = 3*b + 2. Let f be (-49)/(-5) - k/o. What is the highest common divisor of 40 and f?
10
Suppose z - 16 = -z. Calculate the greatest common factor of z and 8.
8
Let k be (36/15)/((-6)/40). Let g be -3 - (3 + 2)*k. What is the greatest common divisor of 7 and g?
7
Suppose 5*k + 4*b = 88, -b = -3 + 1. What is the highest common divisor of k and 16?
16
Suppose 2*o - 6 = o. Let p = 10 - o. Calculate the greatest common divisor of 2 and p.
2
Suppose 34*o - 36*o + 100 = 0. Calculate the greatest common factor of o and 20.
10
Let j be 0 + (-3)/(-2)*20. Let k = -11 - -15. Suppose 6 = q - k. What is the highest common divisor of q and j?
10
Let v be ((-6)/(-15) + -4)*50/(-4). What is the greatest common factor of v and 120?
15
Let p = -10 - -10. Suppose 60 = 3*t - p*t. Let i be (-60)/8*(-64)/6. Calculate the highest common divisor of i and t.
20
Let a be 0 - -2 - (-36)/(-2). Let x be (63/6)/((-2)/a). What is the highest common divisor of 12 and x?
12
Suppose 25 = -5*j, -2*b = 5*j - 0*j - 9. What is the highest common divisor of b and 136?
17
Suppose -5*f - 6*j + 100 = -5*j, 2*f + 4*j - 22 = 0. What is the highest common divisor of f and 3?
3
Suppose 31 = 5*w + 1. Calculate the greatest common divisor of w and 54.
6
Let p(r) = r**2 - 4. Let i be p(-3). Suppose -i*s + 3*c + 4 = 0, c + 3 = -2*s - 2. Let a be 0 + (16 - s) + -1. Calculate the greatest common divisor of 2 and a.
2
Let g be (109*7 - -2) + 0. Suppose 5*o - 2*d - g = 0, 4*o - 2*d - 612 = -7*d. What is the highest common factor of 17 and o?
17
Let t(v) = -v**3 + 10*v**2 - 13*v + 9. Let w be t(6). What is the greatest common divisor of 15 and w?
15
Suppose 2*g = 3*q + 7, q = g - q - 4. What is the highest common factor of g and 2?
2
Let w = -52 + 103. What is the highest common divisor of 34 and w?
17
Let r be (-26)/(10/(3 + -8)). What is the greatest common factor of r and 65?
13
Let m(l) = l**3 + 9*l**2 + 6*l - 6. Let n be m(-7). What is the highest common divisor of 10 and n?
10
Let j be (2 + (-18)/15)*-5. Let b = 16 - j. Let p = b - 12. Calculate the highest common factor of p and 32.
8
Let k(x) = -x. Let m be k(-5). Let w(b) = b**2 - b. Let g be w(1). Suppose g*r - r = -m. What is the highest common divisor of r and 35?
5
Let o = 20 + -6. Calculate the greatest common factor of 14 and o.
14
Let y = 5 - -4. Suppose -3*b = 3*s - y, b = 5*s + 2 + 1. Calculate the greatest common divisor of b and 33.
3
Let l be 30/10 + (11 - -2). Let v be (-2)/7 - (-2)/7. Suppose -4*p - 4*r + v*r = -244, 2*r + 262 = 4*p. Calculate the highest common divisor of p and l.
16
Suppose 2*v + 18 = 4*g - 16, 0 = -g - v + 13. What is the highest common divisor of g and 10?
10
Let h be 4/14 - (-26)/7. Suppose -6 + 22 = h*i. Let w = 5 - i. Calculate the greatest common divisor of w and 7.
1
Let y(l) = 2*l**2 - 2*l - 9. Let t be y(4). Calculate the greatest common factor of 75 and t.
15
Suppose 2*x - k - 22 = 0, 0 = -x + 4*x + 2*k - 40. What is the highest common divisor of 12 and x?
12
Let j be ((-3)/(-9))/(2/18). Let f be 25/j - 6/18. Let l = f - 6. What is the greatest common divisor of l and 2?
2
Suppose 0 = -3*n + 36. What is the highest common factor of 18 and n?
6
Let u be (4/(-14)*3)/(4/(-224)). What is the highest common factor of u and 72?
24
Let y = -20 + 38. Let q(c) = c**3 - 12*c**2 + 14*c - 12. Let f be q(11). Suppose 2*t = 3 + f. What is the greatest common divisor of y and t?
6
Let k be (24/(-80)*5)/((-6)/16). Let i(v) = v**3 + 7*v**2 + 5*v - 5. Let a be i(-6). Calculate the highest common divisor of k and a.
1
Suppose 0 = 3*c + 12 - 87. Calculate the greatest common divisor of 175 and c.
25
Let n be (-98)/(-4) + (-2)/4. Calculate the greatest common factor of n and 36.
12
Let i = 4 + 10. Let g be ((-12)/i)/((-1)/42). Calculate the greatest common factor of g and 4.
4
Let r(y) = -5*y**2 - 6*y + 8. Let x be r(-7). Let w = x - -339. Calculate the greatest common factor of 18 and w.
18
Suppose 34 = 5*j - 56. What is the highest common divisor of 18 and j?
18
Let g(o) be the second derivative of o**3 - 15*o**2/2 + o. Let t be g(5). Calculate the greatest common factor of 45 and t.
15
Let s = 26 + -13. Let x(q) = 13*q**2 - q + 1. Suppose 4*a + 0*a - 4 = 0. Let b be x(a). Calculate the highest common factor of s and b.
13
Let v(d) = 6*d + 4. Let p be v(0). What is the highest common divisor of p and 44?
4
Let i = 34 + -33. Calculate the highest common factor of 9 and i.
1
Let w(c) = 3*c - 8. Let j be w(-8). Let x be 8/(-10)*1840/j. Calculate the highest common factor of x and 115.
23
Suppose 5*f + 5*v - 3896 = 2*f, -2*f + 3*v = -2572. Let q be (-2)/(-9) - f/(-18). Let b = 9 - -9. Calculate the highest common factor of b and q.
18
Let m(l) = -l + 7. Suppose 2*a - 15 = -3*a. Let u be m(a). What is the greatest common factor of u and 44?
4
Let u(z) be the second derivative of -z**4/12 - 7*z**3/6 + 7*z**2/2 + z. Let v be 4/3*(-18)/4. Let g be u(v). What is the highest common factor of 104 and g?
13
Let y = 2 - -6. Suppose -r - 5*z = 10, -4*z - y = -4*r - 0*z. Let t = 20 - r. Calculate the greatest common divisor of 8 and t.
4
Let b be (0*(-1)/(-2))/1 - -23. Calculate the greatest common factor of b and 161.
23
Let q(p) = -p**2 - 9*p - 8. Let t be q(-8). Let w(o) = t + 4*o + 4 - 3*o. Let m be w(5). What is the greatest common divisor of 72 and m?
9
Suppose 0 = r + 2*r - 72. What is the greatest common factor of r and 6?
6
Suppose 0*g + 105 = 5*g. Let s(l) = l**3 - 4*l**2 + 3*l + 9. Let k be s(4). What is the greatest common factor of g and k?
21
Let s = 457 - 232. Calculate the highest common factor of s and 25.
25
Suppose 0 = 5*h - 3*h + 542. Let a = -176 - h. What is the highest common divisor of 38 and a?
19
Let h be 3/2*(-50)/(-15). What is the greatest common factor of 20 and h?
5
Let x be (2 + (-1 - 2))*-7. Suppose -x*l = -5*l - 6. Let q be ((-30)/8)/(l/(-12)). Calculate the highest common factor of q